- 71. Determine b(-7).
-8
Let f(z) = 606*z + 1219. Give f(-2).
7
Let c(f) = -353*f**2 - 2118*f - 5. Give c(-6).
-5
Let m(k) = k**3 + 34*k**2 - 39*k - 921. Determine m(-5).
-1
Let a(s) = s**2 - 61*s + 900. Determine a(22).
42
Let c(l) = 869*l - 46057. Give c(53).
0
Let r(y) = -y**2 + 103*y + 836. Give r(112).
-172
Let m(d) = d**3 + 7*d**2 + 820*d + 3229. Give m(-4).
-3
Let y(x) = 586*x - 12. Calculate y(-1).
-598
Let q(h) = -2*h**2 + 13. Determine q(-15).
-437
Let y(b) = 24*b - 724. Calculate y(29).
-28
Let u(t) = -3*t**2 - 286*t + 1731. Calculate u(6).
-93
Let b(l) = -5*l**2 + 11*l + 22. Give b(0).
22
Let o(f) = -109*f - 1137. Determine o(-7).
-374
Let d(y) = -y**3 + 23*y**2 - 112*y + 6. Give d(16).
6
Let l(q) = 2*q**2 - 1768*q - 3550. Calculate l(-2).
-6
Let d(s) = 2*s**2 + 115*s + 1581. Calculate d(-35).
6
Let a(d) = d**2 + 446*d - 6899. Give a(15).
16
Let j(f) = 8*f + 89. Determine j(-4).
57
Let h(i) = -16*i - 326. What is h(-17)?
-54
Let r(w) = 12*w**2 - w - 6. Calculate r(3).
99
Let k(l) = -6*l**3 + 21*l**2 + 10*l - 15. What is k(3)?
42
Let p(y) = -8*y**2 + 99*y + 852. Determine p(-6).
-30
Let c(q) = 3*q**2 + 17*q + 93. Give c(-13).
379
Let x(z) = z**2 - 27*z - 2115. Calculate x(62).
55
Let u(d) = 4*d + 6. Calculate u(2).
14
Let h(x) = -3*x**2 - 138*x + 51. What is h(-46)?
51
Let o(h) = -439*h**2 - 3516*h - 22. Determine o(-8).
10
Let j(q) = -23*q**3 - 90*q**2 + 7*q - 5. Calculate j(-4).
-1
Let v(d) = -15*d**2 - 193*d + 28. Calculate v(-13).
2
Let l(k) = -19*k**2 - 49*k + 50. Calculate l(1).
-18
Let z(w) = -w**3 + 86*w**2 - 1326*w + 400. What is z(66)?
4
Let q(v) = -14*v**2 + 149*v - 201. What is q(9)?
6
Let b(o) = o**3 - 23*o**2 - 19*o - 7. What is b(24)?
113
Let c(g) = g**2 - 39*g - 11. Give c(16).
-379
Let a(s) = s**2 + 66*s + 63. Calculate a(-66).
63
Let u(x) = x**3 - 116*x**2 - 434*x + 9184. Calculate u(119).
21
Let u(s) = s**2 - 10*s - 144. Calculate u(-8).
0
Let c(f) = 760*f - 3043. Give c(4).
-3
Let b(w) = -4*w**2 - 85*w + 131. Calculate b(-21).
152
Let o(j) = -j**3 - 22*j**2 - 46*j + 13. Give o(-20).
133
Let u(o) = -o**3 - 11*o**2 + 23*o - 27. Give u(-13).
12
Let t(a) = 10*a**2 + 2*a - 3. Give t(2).
41
Let m(b) = 51*b**2 + 664*b + 11. What is m(-13)?
-2
Let k(z) = -23*z + 72. What is k(8)?
-112
Let p(j) = j**3 - 5*j**2 - 6*j - 3. What is p(6)?
-3
Let p(b) = 2*b**3 - 32*b**2 + 3*b + 50. Give p(16).
98
Let d(i) = 8*i + 304. Determine d(14).
416
Let o(i) = 59*i + 310. What is o(-5)?
15
Let q(a) = -a**2 + 35*a - 180. Determine q(27).
36
Let p(q) = -q**2 - 85*q + 447. What is p(-90)?
-3
Let l(k) = 24*k - 451. Determine l(13).
-139
Let i(l) = l**2 + 6*l - 51. What is i(-13)?
40
Let t(o) = -o**3 - 19*o**2 + 119*o + 11. What is t(-24)?
35
Let y(k) = k**2 + k - 85. Determine y(9).
5
Let f(p) = 2*p**2 - 128*p + 1392. Determine f(50).
-8
Let g(r) = 35*r**3 + r - 2. Give g(1).
34
Let m(z) = 2*z**3 + 12*z**2 - 19*z - 81. What is m(5)?
374
Let z(w) = 561*w + 4475. What is z(-8)?
-13
Let q(i) = -61*i - 236. Give q(-5).
69
Let x(u) = -1086*u - 39103. What is x(-36)?
-7
Let s(h) = -26*h - 335. Calculate s(-11).
-49
Let q(g) = -g**3 + 4*g**2 - 1064*g + 6461. Give q(6).
5
Let n(y) = 114*y + 714. Determine n(-7).
-84
Let n(k) = -1150*k + 2424. What is n(2)?
124
Let q(o) = -101*o**2 + 902*o + 11. Calculate q(9).
-52
Let d(n) = -4*n**2 + 32*n + 126. Calculate d(-3).
-6
Let f(c) = 64*c + 831. Determine f(-13).
-1
Let k(g) = 62*g - 88. Determine k(-2).
-212
Let b(n) = 5*n**2 + 19*n - 175. What is b(11)?
639
Let b(i) = -99*i**2 + 10*i + 2. Give b(1).
-87
Let w(v) = v**2 - 201*v + 7939. Give w(147).
1
Let o(w) = -113*w - 3499. Determine o(-31).
4
Let u(q) = 67*q - 329. Determine u(5).
6
Let a(j) = j**3 + 11*j**2 - 29*j - 166. Give a(-12).
38
Let i(l) = -3*l**2 - 112*l - 444. Calculate i(-33).
-15
Let o(h) = -h**2 - 585*h + 118308. Calculate o(159).
12
Let z(w) = 3*w**3 - 49*w**2 + 90*w - 1. Calculate z(2).
7
Let t(v) = -412*v - 9086. Determine t(-22).
-22
Let a(v) = -45*v**2 - 788*v - 422. Give a(-17).
-31
Let f(d) = -4*d**3 - 13*d**2 - 27*d - 4. Determine f(-2).
30
Let h(i) = -2*i**2 + 31*i - 32. Give h(17).
-83
Let b(c) = 2*c**2 - 21*c - 35. Give b(0).
-35
Let v(c) = 3*c**2 + 229*c - 890. Give v(4).
74
Let p(l) = -478*l - 2391. Determine p(-5).
-1
Let h(r) = -r**2 + 30*r - 86. Calculate h(5).
39
Let g(s) = -2*s**2 - 192*s + 1422. What is g(-103)?
-20
Let g(v) = -v**3 - 53*v**2 + 350*v - 188. Give g(-59).
48
Let p(g) = 20*g**2 + 41*g - 7. What is p(3)?
296
Let g(j) = 48*j + 349. What is g(-7)?
13
Let w(a) = 522*a - 10432. Determine w(20).
8
Let j(f) = 2*f**2 + 15*f - 49. Give j(-14).
133
Let s(o) = 103*o - 8. Give s(-1).
-111
Let t(s) = s**3 - 4*s**2 - 23*s + 105. What is t(6)?
39
Let k(p) = 19*p - 1317. What is k(27)?
-804
Let g(a) = -a**3 - 6*a**2 - 24*a - 1. Give g(-4).
63
Let u(h) = -2*h**3 + 10*h**2 + 21*h + 32. Determine u(7).
-17
Let a(m) = -210*m - 632. What is a(-3)?
-2
Let u(t) = t**2 - 11*t - 755. Give u(35).
85
Let j(w) = 84*w + 1123. Determine j(-13).
31
Let y(t) = -578*t + 191902. Determine y(332).
6
Let r(t) = 91*t - 469. Give r(4).
-105
Let n(k) = 3*k**2 - 75*k - 258. What is n(29)?
90
Let q(m) = 76*m + 364. Calculate q(-5).
-16
Let f(a) = -178*a - 362. What is f(-2)?
-6
Let r(j) = -j + 86. Give r(13).
73
Let t(z) = 333*z + 1667. Calculate t(-5).
2
Let b(h) = -h**2 + 18*h + 499. Give b(-15).
4
Let f(x) = -x**3 + 2*x**2 - 4*x - 10. What is f(4)?
-58
Let x(m) = -4*m**2 - 423*m + 422. Calculate x(1).
-5
Let h(n) = -189*n - 579. Calculate h(-4).
177
Let n(l) = 2*l**3 - 27*l**2 - 4*l + 235. Determine n(13).
14
Let z(b) = 73*b**3 + 2*b**2 - 7*b - 13. Calculate z(-2).
-575
Let q(h) = -33200*h + 166007. Give q(5).
7
Let q(x) = 28*x - 616. Calculate q(23).
28
Let p(z) = 30*z - 604. Determine p(33).
386
Let g(l) = 3*l**3 + 5*l**2 - 30*l. Calculate g(5).
350
Let x(t) = -3*t**2 - 17*t + 35. Give x(-8).
-21
Let h(u) = -96*u - 376. Give h(-4).
8
Let b(s) = 19*s + 423. What is b(-15)?
138
Let b(h) = -4*h**2 + 270*h - 153. Give b(67).
-19
Let h(i) = -i**2 + 7*i + 14. Give h(9).
-4
Let w(h) = -70*h - 1756. What is w(-25)?
-6
Let p(b) = -b**3 + 16*b**2 - 53*b + 42. Give p(3).
0
Let n(k) = 276*k + 3825. Give n(-14).
-39
Let o(a) = -3*a**2 - 23*a + 28. Calculate o(4).
-112
Let c(n) = -731*n - 2918. What is c(-4)?
6
Let l(b) = -15*b - 85. Calculate l(-8).
35
Let z(g) = -11*g**2 + 40*g - 18. What is z(3)?
3
Let g(w) = 51*w**2 + 352*w - 25. Give g(-7).
10
Let r(f) = -9*f**2 + 23*f + 40. What is r(-7)?
-562
Let i(n) = -n**3 - 32*n**2 - 248*n + 59. Determine i(-14).
3
Let x(k) = 349*k + 8373. Calculate x(-24).
-3
Let p(z) = -821*z + 10678. Give p(13).
5
Let x(w) = -w**3 - 13*w**2 - 20*w - 104. What is x(-12)?
-8
Let t(w) = -3*w**2 + 276*w + 933. Determine t(96).
-219
Let b(w) = -27*w + 106. Calculate b(4).
-2
Let d(p) = -p**2 + 32*p + 435. Give d(43).
-38
Let x(j) = -482*j - 7272. What is x(-15)?
-42
Let g(f) = -f**3 + 15*f**2 - 174*f + 1442. Determine g(11).
12
Let p(q) = -111*q + 92. What is p(6)?
-574
Let r(a) = 159*a + 7319. Calculate r(-46).
5
Let k(i) = -134*i - 19823. Calculate k(-148).
9
Let a(s) = 4*s**3 - 645*s - 7. What is a(0)?
-7
Let t(p) = -9*p**2 + 37*p - 23. Calculate t(4).
-19
Let u(r) = -r**2 + 57*r - 45. Give u(56).
11
Let f(d) = 19*d - 398. Calculate f(21).
1
Let o(k) = -261*k**3 + 74*k - 74. What is o(1)?
-261
Let j(c) = 178*c**2 - 2*c - 5. What is j(0)?
-5
Let x(u) = 4*u**2 - 84*u + 93. Determine x(22).
181
Let o(q) = -q**3 + 6*q**2 + 4*q + 41. Determine o(11).
-520
Let j(a) = -28*a + 173. Give j(7).
-23
Let y(z) = z**2 + 26. Determine y(-6).
62
Let q(x) = x**3 - 48*x**2 - 104*x - 284. Give q(50).
-484
Let o(b) = -341*b**2 + 1715*b - 48. Determine o(5).
2
Let d(r) = -2*r**3 - 30*r**2 - 31*r - 472. Give d(-15).
-7
Let b(l) = l**2 - 77*l + 41. Give b(73).
-251
Let y(h) = 2471*h - 14833. What is y(6)?
-7
Let s(r) = 359*r - 57095. What is s(159)?
-14
Let j(u) = 4*u**2 + 34*u - 9. Calculate j(-8).
-25
Let a(c) = -c**2 + 188*c + 22840. Give a(272).
-8
Let c(h) = h**3 + 10*h**2 + 8*h - 49. Determine c(-8).
15
Let n(g) = 10062*g + 6. Calculate n(0).
6
Let q(i) = -177*i - 497. Give q(-3).
34
Let i(m) = -m**3 + 7*m**2 - 8*m + 157. Give i(8).
29
Let n(h) = h**3 + 30*h**2 - 29*h + 24. Determine n(-31).
-38
Let p(k) = 7*k**3 + 30*k**2 + 6*k - 3. Det